
11
Let c = 10122 + -7795. Calculate the greatest common divisor of c and 26.
13
Let w be (-4856)/(-20) - (2 + 44/(-20)). Let f = w + -215. What is the highest common divisor of f and 4?
4
Let f = -904 + 1424. Suppose 4*t = -t + f. Let m = -82 + 108. What is the greatest common factor of m and t?
26
Let y be 1*((-8)/(-14) - 8/14). Suppose y = 9*f - 105 - 165. Calculate the greatest common factor of f and 80.
10
Let b(z) = 7809*z + 10. Let g be b(1). Suppose 0 = 36*f - g + 3139. What is the greatest common factor of f and 10?
10
Let w be (-7 + -5)/(9/(-12)). Let u be (-2)/(-4) + 24/w. Suppose 0 = -u*g + 8 - 0. What is the greatest common divisor of 16 and g?
4
Let f = 163 - 245. Let p = 140 + f. Let g be (-1)/(-5) + p/10. What is the greatest common factor of g and 3?
3
Let q(a) = -168*a**3 - 2*a**2 + a + 1. Let c be q(-1). Let n = -47 + c. Let i = n + -55. Calculate the highest common divisor of 8 and i.
8
Let j be ((-3478)/148)/((-2)/20). Suppose -3*u - 5*h + j + 303 = 0, 180 = u + 2*h. Calculate the greatest common divisor of 16 and u.
16
Suppose -11*y + 113 = -1570. Let m = y + -108. Let u be 27 - 11 - (1 - 0). What is the highest common divisor of m and u?
15
Let j(u) = u**3 + 16*u**2 + 29*u + 29. Let t be j(-17). Let l = -428 - t. Calculate the highest common divisor of 130 and l.
65
Let v(p) be the second derivative of -p**5/10 + 23*p**4/12 - 3*p**3/2 + 3*p**2 + 2*p + 3. Let n be v(11). Calculate the highest common divisor of 126 and n.
14
Suppose -361*x + 912297 + 118733 = 24*x. What is the greatest common factor of 2472 and x?
206
Suppose 0 = -5*s + s - 200. Let u = 42 + s. Let q be (0 - 2)*92/u. Calculate the highest common divisor of 161 and q.
23
Let u = -16168 - -16230. Calculate the highest common factor of 11129 and u.
31
Let q = 7957 - 4669. What is the highest common factor of 3 and q?
3
Let f(w) = -5*w - 35. Let r = -19 - -19. Suppose 0 = -r*g + g + 10. Let u be f(g). What is the greatest common factor of 5 and u?
5
Let p = 243 - 203. Let i(u) = -u**2 + 30*u + 52. Let t be i(30). What is the highest common factor of p and t?
4
Suppose -3*t - 33 = -2*p - 10, -2*t = 10. Suppose 5*y - 39 = p*r, 0*y - r + 37 = 3*y. Calculate the greatest common divisor of 781 and y.
11
Suppose -28*w - 6*i - 692 = -29*w, -4*i - 696 = -w. Calculate the greatest common divisor of w and 72.
8
Let j(w) be the second derivative of 5*w**4/2 + w**3/3 - w**2 + w. Let h = 1138 + -1137. Let x be j(h). Calculate the highest common factor of 10 and x.
10
Let a(r) = 4*r + 154. Let l be a(-29). Suppose -4*t - 44 = -4*v, -2*v + 3*t = 2*v - 49. Let z = 3 + v. What is the greatest common divisor of l and z?
19
Let n(w) = -w**3 + 41*w**2 + 33. Let j be n(41). Suppose -j*s = -35*s + 1740. What is the highest common factor of 30 and s?
30
Let l = 32 - -7. Let d = 670 - 618. Calculate the highest common divisor of l and d.
13
Let z(r) = -3*r**2 + 171*r + 189. Let n be z(56). Calculate the highest common divisor of 102 and n.
51
Suppose -5*w = -0*w - 3*j - 1855, 5*j = 4*w - 1471. Suppose 4131*t - 1054 = 2041*t + 2059*t. What is the highest common factor of w and t?
34
Let s(p) = 352*p**3 - p**2 + p. Let j be s(1). Suppose 229 = 3*c - 5*v - 59, 4*v - j = -4*c. Let d = 124 - c. Calculate the greatest common factor of d and 132.
33
Let v(f) = 97*f + 800. Let u be v(-8). What is the greatest common factor of u and 1218?
6
Let u = 86 + -94. Let b be -14 - u - -10 - (-1 + -76). Suppose 9*o - b = 117. Calculate the greatest common factor of o and 33.
11
Let r = 144 - 151. Let c(u) = u**3 + 13*u**2 + 29*u + 13. Let k be c(r). Calculate the highest common factor of 26 and k.
26
Let o(i) = i**2 + 12*i + 32. Let x be o(-10). Let y be (-4655)/114 - 2/x. Let h = y - -62. What is the greatest common factor of h and 189?
21
Let n = 5451 - 5304. What is the greatest common divisor of 252 and n?
21
Let c be 42/(-147) - 710/(-35). Calculate the greatest common divisor of 2180 and c.
20
Suppose -24*t = 6*t - 1110. Suppose 576 = -t*z + 41*z. Calculate the highest common divisor of z and 72.
72
Let o(n) = -6*n - 29. Let x be -15 + 3 - 2 - (-6 - -4). Let j be o(x). Calculate the greatest common divisor of 387 and j.
43
Let c(g) = g**3 - 3*g - 6. Let m be c(0). Let f be 16/m*(1 - (-15)/12). Let v be 44/((f - 2)/(-2) - 2). Calculate the highest common factor of v and 198.
22
Suppose -2*p = 2*r + 33 - 91, 0 = 5*p - 3*r - 121. Calculate the highest common divisor of 9607 and p.
13
Suppose -4*g + 8 = 4*a, -24 = -5*a - 2*g - 5. Let z(k) = k**3 - 5*k**2 - 2*k + 13. Let o be z(a). What is the greatest common factor of 12 and o?
3
Let x be -1 + 4 - -386*(-4 + 3). Let m = x - -117. Let q be (228/m)/((-2)/42*1). Calculate the greatest common divisor of 198 and q.
18
Let x be 6*1*15/45. Suppose -92 = -x*p - 28. Let c = -15 + p. Calculate the greatest common factor of 34 and c.
17
Suppose 809*w = -1190*w + 43978. Suppose -4*k = 3*x + 13, 18 = x - 6*x - 3*k. Let p be (2 + x)*(-3 - -1). Calculate the greatest common factor of p and w.
2
Suppose -2*n = -n - 95. Let a = -664 + 679. What is the highest common divisor of n and a?
5
Let q(n) = 12*n + 232. Let a be ((-2)/2)/(39/(-741)). Let k be q(a). What is the highest common factor of 20 and k?
20
Suppose 5*b - 6*b + 87 = 4*p, 4*p - 4*b - 112 = 0. Suppose -s + p = -5*v, s - 38 = -5*v + 7*v. Calculate the highest common divisor of s and 160.
16
Let n(v) = 49*v**2 + 22*v - 4. Let r be n(-2). Calculate the highest common divisor of r and 407.
37
Let g be 2 + -5 - (22*-591 - (-9 - -2)). Calculate the highest common divisor of g and 203.
203
Suppose -300*y - 8 = -302*y. Let w(d) = -5*d**3 + d**2 - 1. Let i be w(-1). Let t = i - 1. What is the greatest common divisor of y and t?
4
Let f(b) = -2*b**2 + 57*b - 103. Let o be f(26). What is the greatest common factor of o and 828?
9
Let t(j) = -4*j**2 - 3*j**2 - 30 + 5*j**2 - 14*j + j**2. Let n be t(-11). Calculate the highest common divisor of n and 1.
1
Suppose 57 = 2*u - 5*u. Let q = 56 + u. Let n(z) = z**3 + 16*z**2 + 38*z + 135. Let p be n(-13). Calculate the highest common divisor of q and p.
37
Let b(l) = -l**2 + 16*l + 19. Let t be b(14). Let c = 69 - t. Let m be c/4*(-36)/(-9). Calculate the greatest common factor of 2 and m.
2
Let g(s) = -5*s**3 - 6*s**2 + 9*s - 71. Let j be g(-7). What is the greatest common divisor of 351 and j?
117
Let o(x) = 1176*x + 1191. Let k be o(-1). Let r = -1 - -2. Let n be -8*r/3*-45. What is the greatest common factor of k and n?
15
Let r = 145 + -113. Suppose k - 7 = -o, 3*o + o + 2*k = r. What is the greatest common factor of o and 144?
9
Let y(o) = 2*o**2 + 129*o + 2624. Let c be y(-40). What is the highest common divisor of c and 16?
8
Let u be (-702)/(-6)*24/9. What is the greatest common divisor of 216 and u?
24
Suppose -110*k - 7436 = -49037 - 21649. Let a(f) = 13*f - 2. Let u be a(4). Calculate the greatest common factor of k and u.
25
Suppose 0 = 2*l, 4*d = -d + l + 215. Let g be -12 - (-194)/6*15. What is the greatest common factor of g and d?
43
Suppose p + 11326 = 2*c, 18*c = 13*c - 2*p + 28297. What is the greatest common divisor of 370 and c?
37
Suppose 0 = 5*y - 0*y - 260. Suppose -27 = -5*v - y. Let g be 8/v*450/(-20). What is the greatest common divisor of g and 4?
4
Let y be (-24866)/(-14) + 7/(-49). Suppose -4*v = 20*v - y. Calculate the greatest common divisor of 259 and v.
37
Let l(j) = -j**3 + 18*j**2 - 17*j - 2. Let y be l(17). Let h be (1/2)/((-3)/(-342)). Let m = h + y. What is the highest common factor of m and 11?
11
Let p = -402 - -416. Suppose 13*d = p*d - 16. Calculate the highest common divisor of 208 and d.
16
Suppose 43*w = 45*w - 178. Let o = w - 37. Calculate the highest common divisor of 247 and o.
13
Let v(t) = -2*t - 8. Let n be v(2). Let j be (n/(-7))/(2/35). Calculate the highest common factor of j and 570.
30
Let j = -20 - 435. Let k = 487 + j. Calculate the highest common factor of k and 32.
32
Let h be (91/(-4) + 1)*(-8584)/87. What is the highest common divisor of h and 174?
58
Suppose -a + 5*i = -515, 5*a - 4*i = -5*i + 2549. Suppose -a = 61*v - 2584. Let o(t) = 8*t + 1. Let u be o(2). What is the highest common divisor of u and v?
17
Let d be 57 + (-3 - (-5 + 3)). Let i = -138 - -142. Suppose -i*u - 16 = 0, -2*u = -j - 7*u - 12. 